2354a2
In base 13, what is 219 - 1a32?
-1816
In base 6, what is 2041005 - -15?
2041024
In base 6, what is -20 - 42302?
-42322
In base 8, what is -3 - -53453?
53450
In base 2, what is 11011111 + -10000111110?
-1101011111
In base 7, what is -15444 + 15?
-15426
In base 8, what is 62515 - 11?
62504
In base 4, what is -23013010 + 100?
-23012310
In base 5, what is 1101 + -22414?
-21313
In base 16, what is 3 - -78372?
78375
In base 9, what is -7386 - -14?
-7372
In base 10, what is -17046 - -43?
-17003
In base 15, what is 2 + a26c?
a26e
In base 16, what is -1c - 227c?
-2298
In base 3, what is 20002 + 10111100?
10201102
In base 11, what is -10049 - 4?
-10052
In base 9, what is -34743 + -20?
-34763
In base 12, what is -4 + -1a3635?
-1a3639
In base 10, what is -5 + -1930031?
-1930036
In base 8, what is 34 - 44653?
-44617
In base 13, what is 3b22 + 7?
3b29
In base 8, what is -1717 - 7163?
-11102
In base 16, what is 19 + 5f4?
60d
In base 10, what is -49815 - 1?
-49816
In base 11, what is -21a + -294?
-503
In base 12, what is -18 + -449?
-465
In base 12, what is 14 - 101984?
-101970
In base 14, what is 10da0 + -2?
10d9c
In base 6, what is -23304 + -32?
-23340
In base 16, what is d - -e5c?
e69
In base 5, what is 404421400 + -1?
404421344
In base 5, what is -34 + -11212001?
-11212040
In base 13, what is 30 - -353?
383
In base 5, what is -144 + 302024?
301330
In base 14, what is -1 - -920a?
9209
In base 11, what is -347670 - 4?
-347674
In base 11, what is 2673 - -5?
2678
In base 13, what is 1 - -10597?
10598
In base 15, what is -2a + 4325?
42ea
In base 2, what is -110111 - 11100011?
-100011010
In base 7, what is -45 - 34364?
-34442
In base 12, what is -5219 - 2?
-521b
In base 8, what is 1072 - 12652?
-11560
In base 15, what is 32ee - c?
32e2
In base 9, what is -1 + -1217526?
-1217527
In base 2, what is 0 - 1001111110110001111?
-1001111110110001111
In base 16, what is 5 + 146cf?
146d4
In base 16, what is 279ae + -3?
279ab
In base 11, what is -5 - 27258a?
-272594
In base 9, what is -35 + 60316?
60271
In base 14, what is -97 - -56?
-41
In base 5, what is 22 + -1122021?
-1121444
In base 10, what is -12196 - -5?
-12191
In base 15, what is c06a + 3?
c06d
In base 7, what is 1236 - 30452?
-26213
In base 9, what is -2 + 143810?
143807
In base 9, what is -515 + 102?
-413
In base 3, what is -2211122022 - 11?
-2211122110
In base 12, what is ab56 - -163?
b0b9
In base 10, what is 67755 + -3?
67752
In base 3, what is 10 - -2001111012?
2001111022
In base 10, what is 82 - 192?
-110
In base 4, what is -210233121 - -3?
-210233112
In base 11, what is -13379 - -2?
-13377
In base 8, what is 1150663 + 5?
1150670
In base 11, what is -aa91a + -1?
-aa920
In base 14, what is -c + -12c9?
-12d7
In base 8, what is -3 - -577205?
577202
In base 10, what is -4 + -1110487?
-1110491
In base 12, what is a - 271?
-263
In base 15, what is -5 - -73cb2?
73cac
In base 4, what is 1 - -133021?
133022
In base 6, what is 3 + -5043320?
-5043313
In base 10, what is 42327 + 1?
42328
In base 12, what is -14b - 4b?
-19a
In base 7, what is 1310 - 141?
1136
In base 16, what is -2d + 2d73?
2d46
In base 15, what is -58 + -218?
-271
In base 15, what is 4d + -1038?
-eda
In base 9, what is 2333 - -2045?
4378
In base 2, what is -100110100111 + 100000?
-100110000111
In base 11, what is -5 + -58a3?
-58a8
In base 7, what is 42321 + -40?
42251
In base 2, what is 1001111111000 - -10111?
1010000001111
In base 3, what is -10 + -22222101110?
-22222101120
In base 12, what is 16a476 + 2?
16a478
In base 9, what is -8256 + -48?
-8315
In base 8, what is -103010 - -130?
-102660
In base 4, what is 3022320 - -3?
3022323
In base 7, what is -10526605 + 4?
-10526601
In base 15, what is -2e - b96b?
-b99a
In base 15, what is 17165b - -2?
17165d
In base 15, what is 419 - -10c?
526
In base 5, what is 104342 + 140?
110032
In base 6, what is 33144121 + 4?
33144125
In base 13, what is 108b0 + 3?
108b3
In base 16, what is 4 + 2d99?
2d9d
In base 11, what is 262 - -2a01?
3163
In base 12, what is b730 - -5?
b735
In base 16, what is 1442 + -1?
1441
In base 4, what is -2210121 - 222?
-2211003
In base 8, what is -151 + 12420?
12247
In base 9, what is 175 - 6?
168
In base 16, what is -5164c + -9?
-51655
In base 15, what is -234e - 0?
-234e
In base 3, what is 100 + 1002111000?
1002111100
In base 4, what is 10 + -332121321?
-332121311
In base 2, what is 10 + -1101010001?
-1101001111
In base 13, what is 1a742ba + -1?
1a742b9
In base 6, what is -501 + 255?
-202
In base 14, what is 0 + 3631?
3631
In base 15, what is 56a + -1?
569
In base 6, what is -10533122 - -5?
-10533113
In base 8, what is -415 - -355?
-40
In base 6, what is 0 + 3553105?
3553105
In base 2, what is -1010 + -100101100101001?
-100101100110011
In base 8, what is 762634 - -2?
762636
In base 13, what is -8 + -9174?
-917c
In base 9, what is 12 + -82846?
-82834
In base 12, what is -427a0 + 14?
-42788
In base 8, what is -5 + -125315?
-125322
In base 10, what is 14 - -166887?
166901
In base 6, what is 10000 - 4012?
1544
In base 13, what is 1c0 - ba?
103
In base 14, what is 188 + 554?
6dc
In base 14, what is -12390 - -2a?
-12364
In base 11, what is -126 - 15a?
-285
In base 14, what is -3b3b - 1?
-3b3c
In base 2, what is -110000101111 + -10101?
-110001000100
In base 15, what is 6b0b4c - -2?
6b0b4e
In base 2, what is -1010011101010010000 + 110?
-1010011101010001010
In base 3, what is -22222000 - 1?
-22222001
In base 5, what is 13134 + -33221?
-20032
In base 9, what is 2121130 + -1?
2121128
In base 9, what is 354 + 135?
500
In base 3, what is -11 + -1001010120101?
-1001010120112
In base 5, what is 314201240 - 2?
314201233
In base 11, what is -251 + -48a?
-730
In base 16, what is -1b25 + -f?
-1b34
In base 8, what is -4150 - -137?
-4011
In base 4, what is 103 - -1110211?
1110320
In base 9, what is 326 - 651?
-324
In base 4, what is -12132100 - 1322?
-12200022
In base 10, what is 196 - 2223?
-2027
In base 5, what is -120 - -33223?
33103
In base 12, what is 838 - -282?
aba
In base 14, what is -2 + 2764?
2762
In base 15, what is -d + -18a?
-198
In base 13, what is 5bc9 + 3?
5bcc
In base 12, what is -19 - -1221b?
12202
In base 10, what is -196 + 3?
-193
In base 9, what is 5312 + 2825?
8237
In base 4, what is 1 + -11303222?
-11303221
In base 9, what is -2 - -53520?
53517
In base 10, what is 3 - 86046?
-86043
In base 7, what is -466162 + 3?
-466156
In base 14, what is 23021 - 0?
23021
In base 13, what is -1 + -5b0?
-5b1
In base 16, what is -33e6 + 63?
-3383
In base 8, what is 175 - -5454?
5651
In base 14, what is -31321 - 3?
-31324
In base 15, what is -343a + 7?
-3433
In base 10, what is 4768 - 4?
4764
In base 8, what is 3 + 5543754?
5543757
In base 4, what is -200310 - 1?
-200311
In base 12, what is -211 - 9?
-21a
In base 4, what is 1322122 + -3312?
1312210
In base 10, what is 1 - 707089?
-707088
In base 12, what is 0 + 31793?
31793
In base 2, what is -1110111011 - 11010000100?
-101000111111
In base 5, what is -1210132 - -14?
-1210113
In base 3, what is 121211021 + -10111?
121200210
In base 2, what is 11001110 - 1000101?
10001001
In base 12, what is -3a6bb + -15?
-3a714
In base 3, what is -102 + 12110221?
12110112
In base 7, what is 665332 + 0?
665332
In base 16, what is -2 + -4d97?
-4d99
In base 13, what is -1ba36 + 4?
-1ba32
In base 2, what is -10110 - -10100011000001?
10100010101011
In base 3, what is 20 - 1112210?
-1112120
In base 16, what is -d7e2 + -17?
-d7f9
In base 15, what is 1 + 100e2?
100e3
In base 11, what is -2716 + 192?
-2534
In base 5, what is -3441 + -413?
-4404
In base 3, what is -1120120 - -10002222?
1112102
In base 5, what is -11112002 + 2?
-11112000
In base 12, what is 0 - -70a2?
70a2
In base 7, what is 46500300 + -3?
46500264
In base 13, what is 0 + -17896?
-17896
In base 9, what is 3 - 252110?
-252106
In base 11, what is -110083 + 1?
-110082
In base 6, what is 11452 + -25?
11423
In base 6, what is 2 - -15403?
15405
In base 8, what is -7 + 340053?
340044
In base 14, what is -17c + 4373?
41d5
In base 13, what is 481cc + b?
4820a
In base 9, what is 16807 - 34?
16763
In base 8, what is 25322 + 14?
25336
In base 10, what is 1352 - 1224?
128
In base 3, what is -110100 - 1012?
-111112
In base 3, what is 22 - -10021012100?
10021012122
In base 14, what is -38a + -1d2?
-57c
In base 11, wha